{"id":179,"date":"2008-04-19T10:22:59","date_gmt":"2008-04-19T08:22:59","guid":{"rendered":"http:\/\/www.mist3bs.de\/?page_id=179"},"modified":"2021-12-10T19:04:10","modified_gmt":"2021-12-10T17:04:10","slug":"dampfloktage-berlin-schoneweide","status":"publish","type":"page","link":"https:\/\/mist3bs.de\/?page_id=179","title":{"rendered":"Dampfloktage Berlin- Sch\u00f6neweide"},"content":{"rendered":"<p>&#8222;Komm Dampfloks gucken&#8220; quengelte mein Sohn. Schon Tage vorher h\u00f6rten wir das Pfeifen der Lokomotiven an der nahegelegenen Bahnstrecke.<\/p>\n<p>Die Dampflokfreunde Berlin veranstalten vom 28.9.-30.9 2007 ihre Lokschuppentage im BW Berlin-Sch\u00f6neweide. Die S-Bahn h\u00e4lt direkt vor dem ehemaligen G\u00fcterbahnhof des AW Sch\u00f6neweide. Schon aus einiger Entfernung konnten wir erkennen dass die Veranstaltung gut besucht war. Bereits auf der Fu\u00dfg\u00e4ngerbr\u00fccke zum BW herrschte dichtes Gedr\u00e4nge. Aber was uns bereits der Blick von der Br\u00fccke zeigte \u00fcbertraf alle Erwartungen. Es dampfte und pfiff auf der gesamten Bahnstrecke. Alles was R\u00e4der hatte war in Bewegung.Wei\u00dfe Rauchwolken schw\u00e4ngerten die Luft und ich wurde pl\u00f6tzlich in meine Jugendzeit versetzt. Wie sch\u00f6n war es doch, auf einer Eisenbahnbr\u00fccke zu stehen und einer Lok direkt in den Schlot zu schauen.<\/p>\n<p>Die Reise in eine vergangene Zeit begann. Der Lokschuppen selbst ist noch in einen hervorragenden Zustand. So wie man sich einen Lokschuppen eben vorstellt. Es passte alles. Der Geruch nach \u00d6l, und Dampf. Die Funzelbeleuchtung tat ihr \u00dcbriges um einen in die entsprechende Stimmung zu versetzen. Im Moment befanden sich hier allerdings mehrere Verkaufsst\u00e4nde an denen alles um rund um das Vorbild und Modell angeboten wurde. Auch eine gro\u00dfe Modellbahnanlage war vorhanden. Es war sch\u00f6n die gro\u00dfen Kinderaugen zu beobachten wenn sich die kleinen Z\u00fcge bewegten.<\/p>\n<p>Es hielt uns aber nicht lange. Irgendwie versp\u00fcrten wir den Drang n\u00e4her an die Unget\u00fcme heranzukommen. Zu nahe! Als besorgter Vater war es mir doch ein wenig unheimlich so dicht, zwar abgesperrt durch Z\u00e4une, die fahrenden Lokomotiven zu beobachten. Es war faszinierend zu sehen, wie die 12 voll betriebsf\u00e4higen Dampfloks zum Anfassen nahe, ihre Parade begannen.<\/p>\n<p>Das Fauchen und Zischen, dass Knirschen der Schienen. Man sp\u00fcrte f\u00f6rmlich die unb\u00e4ndige Kraft, die in diesen Maschinen steckt. H\u00f6hepunkte waren die Schauanfahrt eines historischen G\u00fcterzuges und das gleichzeitige Pfeifen aller Lokomotiven in langsamer Vorbeifahrt.<\/p>\n<p>Im Betriebswerk wurden alle Betriebsabl\u00e4ufe eines Dampf BW`s nachgestellt. Bekohlen, Wasser fassen, Entschlacken und Fahrten auf der Drehscheibe.Jede Lokomotive durfte besichtigt werden. Das Personal beantwortete alle Fragen mit einer Engelsgeduld. Eben Eisenbahn zum Anfassen.<\/p>\n<p>Die Mitglieder der vertretenen Vereine verdienen meine volle Hochachtung, trotz oft hohen finanziellen Aufwandes, ihre Freizeit f\u00fcr den Erhalt dieser Maschinen zu opfern.<\/p>\n<p>Es war ein wirklich sch\u00f6ner Nachmittag der bestimmt wiederholt wird. Dass es meine Sohn auch gefallen hat, entnahm ich seinen Berufswunsch am Ende der Veranstaltung: &#8222;Papa Lokf\u00fchrer werden.&#8220;<\/p>\nngg_shortcode_0_placeholder\n","protected":false},"excerpt":{"rendered":"<p>&#8222;Komm Dampfloks gucken&#8220; quengelte mein Sohn. Schon Tage vorher h\u00f6rten wir das Pfeifen der Lokomotiven an der nahegelegenen Bahnstrecke. Die Dampflokfreunde Berlin veranstalten vom 28.9.-30.9 2007 ihre Lokschuppentage im BW Berlin-Sch\u00f6neweide. Die S-Bahn h\u00e4lt direkt vor dem ehemaligen G\u00fcterbahnhof des AW Sch\u00f6neweide. Schon aus einiger Entfernung konnten wir erkennen dass die Veranstaltung gut besucht war. [&hellip;]<\/p>\n","protected":false},"author":10,"featured_media":0,"parent":181,"menu_order":0,"comment_status":"closed","ping_status":"open","template":"","meta":{"ngg_post_thumbnail":0,"footnotes":""},"class_list":["post-179","page","type-page","status-publish","hentry"],"yoast_head":"<!-- This site is optimized with the Yoast SEO plugin v26.2 - https:\/\/yoast.com\/wordpress\/plugins\/seo\/ -->\n<title>Dampfloktage Berlin- Sch\u00f6neweide - MIST3<\/title>\n<meta name=\"robots\" content=\"index, follow, max-snippet:-1, max-image-preview:large, max-video-preview:-1\" \/>\n<link rel=\"canonical\" href=\"https:\/\/mist3bs.de\/?page_id=179\" \/>\n<meta property=\"og:locale\" content=\"de_DE\" \/>\n<meta property=\"og:type\" content=\"article\" \/>\n<meta property=\"og:title\" content=\"Dampfloktage Berlin- Sch\u00f6neweide - MIST3\" \/>\n<meta property=\"og:description\" content=\"&#8222;Komm Dampfloks gucken&#8220; quengelte mein Sohn. Schon Tage vorher h\u00f6rten wir das Pfeifen der Lokomotiven an der nahegelegenen Bahnstrecke. Die Dampflokfreunde Berlin veranstalten vom 28.9.-30.9 2007 ihre Lokschuppentage im BW Berlin-Sch\u00f6neweide. Die S-Bahn h\u00e4lt direkt vor dem ehemaligen G\u00fcterbahnhof des AW Sch\u00f6neweide. Schon aus einiger Entfernung konnten wir erkennen dass die Veranstaltung gut besucht war. [&hellip;]\" \/>\n<meta property=\"og:url\" content=\"https:\/\/mist3bs.de\/?page_id=179\" \/>\n<meta property=\"og:site_name\" content=\"MIST3\" \/>\n<meta property=\"article:modified_time\" content=\"2021-12-10T17:04:10+00:00\" \/>\n<meta name=\"twitter:card\" content=\"summary_large_image\" \/>\n<meta name=\"twitter:label1\" content=\"Gesch\u00e4tzte Lesezeit\" \/>\n\t<meta name=\"twitter:data1\" content=\"2\u00a0Minuten\" \/>\n<script type=\"application\/ld+json\" class=\"yoast-schema-graph\">{\"@context\":\"https:\/\/schema.org\",\"@graph\":[{\"@type\":\"WebPage\",\"@id\":\"https:\/\/mist3bs.de\/?page_id=179\",\"url\":\"https:\/\/mist3bs.de\/?page_id=179\",\"name\":\"Dampfloktage Berlin- Sch\u00f6neweide - MIST3\",\"isPartOf\":{\"@id\":\"https:\/\/mist3bs.de\/#website\"},\"datePublished\":\"2008-04-19T08:22:59+00:00\",\"dateModified\":\"2021-12-10T17:04:10+00:00\",\"breadcrumb\":{\"@id\":\"https:\/\/mist3bs.de\/?page_id=179#breadcrumb\"},\"inLanguage\":\"de\",\"potentialAction\":[{\"@type\":\"ReadAction\",\"target\":[\"https:\/\/mist3bs.de\/?page_id=179\"]}]},{\"@type\":\"BreadcrumbList\",\"@id\":\"https:\/\/mist3bs.de\/?page_id=179#breadcrumb\",\"itemListElement\":[{\"@type\":\"ListItem\",\"position\":1,\"name\":\"Startseite\",\"item\":\"https:\/\/mist3bs.de\/\"},{\"@type\":\"ListItem\",\"position\":2,\"name\":\"Vorbildbesuche\",\"item\":\"https:\/\/mist3bs.de\/?page_id=181\"},{\"@type\":\"ListItem\",\"position\":3,\"name\":\"Dampfloktage Berlin- Sch\u00f6neweide\"}]},{\"@type\":\"WebSite\",\"@id\":\"https:\/\/mist3bs.de\/#website\",\"url\":\"https:\/\/mist3bs.de\/\",\"name\":\"MIST3\",\"description\":\"M\u00e4rklin Insiderstammtisch Braunschweig und Umgebung\",\"potentialAction\":[{\"@type\":\"SearchAction\",\"target\":{\"@type\":\"EntryPoint\",\"urlTemplate\":\"https:\/\/mist3bs.de\/?s={search_term_string}\"},\"query-input\":{\"@type\":\"PropertyValueSpecification\",\"valueRequired\":true,\"valueName\":\"search_term_string\"}}],\"inLanguage\":\"de\"}]}<\/script>\n<!-- \/ Yoast SEO plugin. -->","yoast_head_json":{"title":"Dampfloktage Berlin- Sch\u00f6neweide - MIST3","robots":{"index":"index","follow":"follow","max-snippet":"max-snippet:-1","max-image-preview":"max-image-preview:large","max-video-preview":"max-video-preview:-1"},"canonical":"https:\/\/mist3bs.de\/?page_id=179","og_locale":"de_DE","og_type":"article","og_title":"Dampfloktage Berlin- Sch\u00f6neweide - MIST3","og_description":"&#8222;Komm Dampfloks gucken&#8220; quengelte mein Sohn. Schon Tage vorher h\u00f6rten wir das Pfeifen der Lokomotiven an der nahegelegenen Bahnstrecke. Die Dampflokfreunde Berlin veranstalten vom 28.9.-30.9 2007 ihre Lokschuppentage im BW Berlin-Sch\u00f6neweide. Die S-Bahn h\u00e4lt direkt vor dem ehemaligen G\u00fcterbahnhof des AW Sch\u00f6neweide. Schon aus einiger Entfernung konnten wir erkennen dass die Veranstaltung gut besucht war. [&hellip;]","og_url":"https:\/\/mist3bs.de\/?page_id=179","og_site_name":"MIST3","article_modified_time":"2021-12-10T17:04:10+00:00","twitter_card":"summary_large_image","twitter_misc":{"Gesch\u00e4tzte Lesezeit":"2\u00a0Minuten"},"schema":{"@context":"https:\/\/schema.org","@graph":[{"@type":"WebPage","@id":"https:\/\/mist3bs.de\/?page_id=179","url":"https:\/\/mist3bs.de\/?page_id=179","name":"Dampfloktage Berlin- Sch\u00f6neweide - MIST3","isPartOf":{"@id":"https:\/\/mist3bs.de\/#website"},"datePublished":"2008-04-19T08:22:59+00:00","dateModified":"2021-12-10T17:04:10+00:00","breadcrumb":{"@id":"https:\/\/mist3bs.de\/?page_id=179#breadcrumb"},"inLanguage":"de","potentialAction":[{"@type":"ReadAction","target":["https:\/\/mist3bs.de\/?page_id=179"]}]},{"@type":"BreadcrumbList","@id":"https:\/\/mist3bs.de\/?page_id=179#breadcrumb","itemListElement":[{"@type":"ListItem","position":1,"name":"Startseite","item":"https:\/\/mist3bs.de\/"},{"@type":"ListItem","position":2,"name":"Vorbildbesuche","item":"https:\/\/mist3bs.de\/?page_id=181"},{"@type":"ListItem","position":3,"name":"Dampfloktage Berlin- Sch\u00f6neweide"}]},{"@type":"WebSite","@id":"https:\/\/mist3bs.de\/#website","url":"https:\/\/mist3bs.de\/","name":"MIST3","description":"M\u00e4rklin Insiderstammtisch Braunschweig und Umgebung","potentialAction":[{"@type":"SearchAction","target":{"@type":"EntryPoint","urlTemplate":"https:\/\/mist3bs.de\/?s={search_term_string}"},"query-input":{"@type":"PropertyValueSpecification","valueRequired":true,"valueName":"search_term_string"}}],"inLanguage":"de"}]}},"_links":{"self":[{"href":"https:\/\/mist3bs.de\/index.php?rest_route=\/wp\/v2\/pages\/179","targetHints":{"allow":["GET"]}}],"collection":[{"href":"https:\/\/mist3bs.de\/index.php?rest_route=\/wp\/v2\/pages"}],"about":[{"href":"https:\/\/mist3bs.de\/index.php?rest_route=\/wp\/v2\/types\/page"}],"author":[{"embeddable":true,"href":"https:\/\/mist3bs.de\/index.php?rest_route=\/wp\/v2\/users\/10"}],"replies":[{"embeddable":true,"href":"https:\/\/mist3bs.de\/index.php?rest_route=%2Fwp%2Fv2%2Fcomments&post=179"}],"version-history":[{"count":7,"href":"https:\/\/mist3bs.de\/index.php?rest_route=\/wp\/v2\/pages\/179\/revisions"}],"predecessor-version":[{"id":718,"href":"https:\/\/mist3bs.de\/index.php?rest_route=\/wp\/v2\/pages\/179\/revisions\/718"}],"up":[{"embeddable":true,"href":"https:\/\/mist3bs.de\/index.php?rest_route=\/wp\/v2\/pages\/181"}],"wp:attachment":[{"href":"https:\/\/mist3bs.de\/index.php?rest_route=%2Fwp%2Fv2%2Fmedia&parent=179"}],"curies":[{"name":"wp","href":"https:\/\/api.w.org\/{rel}","templated":true}]}}